{"id":162,"date":"2019-10-23T08:44:17","date_gmt":"2019-10-23T08:44:17","guid":{"rendered":"https:\/\/garage347.com.br\/oficina\/oficina\/contact\/"},"modified":"2026-02-18T12:48:19","modified_gmt":"2026-02-18T12:48:19","slug":"contato","status":"publish","type":"page","link":"https:\/\/garage347.com.br\/oficina\/contato\/","title":{"rendered":"Contato"},"content":{"rendered":"\t\t<div data-elementor-type=\"wp-page\" data-elementor-id=\"162\" class=\"elementor elementor-162\" data-elementor-post-type=\"page\">\n\t\t\t\t\t\t<section class=\"elementor-section elementor-top-section elementor-element elementor-element-170146d6 elementor-section-full_width elementor-section-height-default elementor-section-height-default\" data-id=\"170146d6\" data-element_type=\"section\">\n\t\t\t\t\t\t<div class=\"elementor-container elementor-column-gap-no\">\n\t\t\t\t\t<div class=\"elementor-column elementor-col-100 elementor-top-column elementor-element elementor-element-5c581e6b\" data-id=\"5c581e6b\" data-element_type=\"column\">\n\t\t\t<div class=\"elementor-widget-wrap\">\n\t\t\t\t\t\t\t<\/div>\n\t\t<\/div>\n\t\t\t\t\t<\/div>\n\t\t<\/section>\n\t\t\t\t<section class=\"elementor-section elementor-top-section elementor-element elementor-element-b7bb620 elementor-section-boxed elementor-section-height-default elementor-section-height-default\" data-id=\"b7bb620\" data-element_type=\"section\" data-settings=\"{&quot;background_background&quot;:&quot;classic&quot;}\">\n\t\t\t\t\t\t<div class=\"elementor-container elementor-column-gap-no\">\n\t\t\t\t\t<div class=\"elementor-column elementor-col-66 elementor-top-column elementor-element elementor-element-987fca6\" data-id=\"987fca6\" data-element_type=\"column\" data-settings=\"{&quot;background_background&quot;:&quot;classic&quot;}\">\n\t\t\t<div class=\"elementor-widget-wrap elementor-element-populated\">\n\t\t\t\t\t\t<div class=\"elementor-element elementor-element-95c5704 elementor-widget elementor-widget-heading\" data-id=\"95c5704\" data-element_type=\"widget\" data-widget_type=\"heading.default\">\n\t\t\t\t\t<h3 class=\"elementor-heading-title elementor-size-large\">Contato<\/h3>\t\t\t\t<\/div>\n\t\t\t\t<div class=\"elementor-element elementor-element-161d709 elementor-widget elementor-widget-text-editor\" data-id=\"161d709\" data-element_type=\"widget\" data-widget_type=\"text-editor.default\">\n\t\t\t\t\t\t\t\t\t<p>Formul\u00e1rio de Contato<\/p>\t\t\t\t\t\t\t\t<\/div>\n\t\t\t\t<div class=\"elementor-element elementor-element-ee2dfec elementor-button-align-stretch elementor-widget elementor-widget-form\" data-id=\"ee2dfec\" data-element_type=\"widget\" data-settings=\"{&quot;step_next_label&quot;:&quot;Next&quot;,&quot;step_previous_label&quot;:&quot;Previous&quot;,&quot;button_width&quot;:&quot;100&quot;,&quot;step_type&quot;:&quot;number_text&quot;,&quot;step_icon_shape&quot;:&quot;circle&quot;}\" data-widget_type=\"form.default\">\n\t\t\t\t\t\t\t<form class=\"elementor-form\" method=\"post\" name=\"New Form\">\n\t\t\t<input type=\"hidden\" name=\"post_id\" value=\"162\"\/>\n\t\t\t<input type=\"hidden\" name=\"form_id\" value=\"ee2dfec\"\/>\n\t\t\t<input type=\"hidden\" name=\"referer_title\" value=\"garage347.com.br\/oficina\" \/>\n\n\t\t\t\n\t\t\t<div class=\"elementor-form-fields-wrapper elementor-labels-above\">\n\t\t\t\t\t\t\t\t<div class=\"elementor-field-type-text elementor-field-group elementor-column elementor-field-group-name elementor-col-100\">\n\t\t\t\t\t\t\t\t\t\t\t\t<label for=\"form-field-name\" class=\"elementor-field-label\">\n\t\t\t\t\t\t\t\tNome\t\t\t\t\t\t\t<\/label>\n\t\t\t\t\t\t\t\t\t\t\t\t\t\t<input size=\"1\" type=\"text\" name=\"form_fields[name]\" id=\"form-field-name\" class=\"elementor-field elementor-size-sm  elementor-field-textual\" placeholder=\"Nome\">\n\t\t\t\t\t\t\t\t\t\t\t<\/div>\n\t\t\t\t\t\t\t\t<div class=\"elementor-field-type-email elementor-field-group elementor-column elementor-field-group-email elementor-col-100 elementor-field-required\">\n\t\t\t\t\t\t\t\t\t\t\t\t<label for=\"form-field-email\" class=\"elementor-field-label\">\n\t\t\t\t\t\t\t\tE-mail\t\t\t\t\t\t\t<\/label>\n\t\t\t\t\t\t\t\t\t\t\t\t\t\t<input size=\"1\" type=\"email\" name=\"form_fields[email]\" id=\"form-field-email\" class=\"elementor-field elementor-size-sm  elementor-field-textual\" placeholder=\"E-mail\" required=\"required\">\n\t\t\t\t\t\t\t\t\t\t\t<\/div>\n\t\t\t\t\t\t\t\t<div class=\"elementor-field-type-textarea elementor-field-group elementor-column elementor-field-group-message elementor-col-100\">\n\t\t\t\t\t\t\t\t\t\t\t\t<label for=\"form-field-message\" class=\"elementor-field-label\">\n\t\t\t\t\t\t\t\tMensagem\t\t\t\t\t\t\t<\/label>\n\t\t\t\t\t\t<textarea class=\"elementor-field-textual elementor-field  elementor-size-sm\" name=\"form_fields[message]\" id=\"form-field-message\" rows=\"4\" placeholder=\"Mensagem\"><\/textarea>\t\t\t\t<\/div>\n\t\t\t\t\t\t\t\t<div class=\"elementor-field-type-text elementor-field-group elementor-column elementor-field-group-field_7d03d6c elementor-col-100\">\n\t\t\t\t\t\t\t\t\t\t\t\t<label for=\"form-field-field_7d03d6c\" class=\"elementor-field-label\">\n\t\t\t\t\t\t\t\tModelo do ve\u00edculo\t\t\t\t\t\t\t<\/label>\n\t\t\t\t\t\t\t\t\t\t\t\t\t\t<input size=\"1\" type=\"text\" name=\"form_fields[field_7d03d6c]\" id=\"form-field-field_7d03d6c\" class=\"elementor-field elementor-size-sm  elementor-field-textual\" placeholder=\"Modelo do ve\u00edculo\">\n\t\t\t\t\t\t\t\t\t\t\t<\/div>\n\t\t\t\t\t\t\t\t<div class=\"elementor-field-group elementor-column elementor-field-type-submit elementor-col-100 e-form__buttons\">\n\t\t\t\t\t<button class=\"elementor-button elementor-size-sm\" type=\"submit\">\n\t\t\t\t\t\t<span class=\"elementor-button-content-wrapper\">\n\t\t\t\t\t\t\t\t\t\t\t\t\t\t\t\t\t\t\t\t\t\t<span class=\"elementor-button-text\">Enviar<\/span>\n\t\t\t\t\t\t\t\t\t\t\t\t\t<\/span>\n\t\t\t\t\t<\/button>\n\t\t\t\t<\/div>\n\t\t\t<\/div>\n\t\t<\/form>\n\t\t\t\t\t\t<\/div>\n\t\t\t\t\t<\/div>\n\t\t<\/div>\n\t\t\t\t<div class=\"elementor-column elementor-col-33 elementor-top-column elementor-element elementor-element-28ccdf1\" data-id=\"28ccdf1\" data-element_type=\"column\" data-settings=\"{&quot;background_background&quot;:&quot;classic&quot;}\">\n\t\t\t<div class=\"elementor-widget-wrap elementor-element-populated\">\n\t\t\t\t\t\t<div class=\"elementor-element elementor-element-178e07d elementor-widget elementor-widget-heading\" data-id=\"178e07d\" data-element_type=\"widget\" data-widget_type=\"heading.default\">\n\t\t\t\t\t<h3 class=\"elementor-heading-title elementor-size-large\">Endere\u00e7o<\/h3>\t\t\t\t<\/div>\n\t\t\t\t<div class=\"elementor-element elementor-element-e41aa50 elementor-widget elementor-widget-text-editor\" data-id=\"e41aa50\" data-element_type=\"widget\" data-widget_type=\"text-editor.default\">\n\t\t\t\t\t\t\t\t\t<p>\u00a0<\/p><p>Av. Comendador Alberto Dias, 229 &#8211; Vila Leopoldina, S\u00e3o Paulo &#8211; SP.<\/p><p>WhatsApp: 11 9131-20660<\/p><p>E-mail:<strong> garage347@hotmail.com<\/strong><\/p>\t\t\t\t\t\t\t\t<\/div>\n\t\t\t\t\t<\/div>\n\t\t<\/div>\n\t\t\t\t\t<\/div>\n\t\t<\/section>\n\t\t\t\t<\/div>\n\t\t","protected":false},"excerpt":{"rendered":"<p>Contato Formul\u00e1rio de Contato Endere\u00e7o \u00a0 Av. Comendador Alberto Dias, 229 &#8211; Vila Leopoldina, S\u00e3o Paulo &#8211; SP. WhatsApp: 11 9131-20660 E-mail: garage347@hotmail.com<\/p>\n","protected":false},"author":1,"featured_media":1574,"parent":0,"menu_order":0,"comment_status":"closed","ping_status":"closed","template":"","meta":{"footnotes":""},"class_list":["post-162","page","type-page","status-publish","has-post-thumbnail","hentry"],"yoast_head":"<!-- This site is optimized with the Yoast SEO plugin v26.3 - https:\/\/yoast.com\/wordpress\/plugins\/seo\/ -->\n<title>Agende Sua Revis\u00e3o | Contato Garage 347 em S\u00e3o Paulo<\/title>\n<meta name=\"description\" content=\"Fale com a Garage 347 e agende sua revis\u00e3o ou manuten\u00e7\u00e3o. Oficina especializada em S\u00e3o Paulo com atendimento r\u00e1pido e personalizado.\" \/>\n<meta name=\"robots\" content=\"index, follow, max-snippet:-1, max-image-preview:large, max-video-preview:-1\" \/>\n<link rel=\"canonical\" href=\"https:\/\/garage347.com.br\/oficina\/contato\/\" \/>\n<meta property=\"og:locale\" content=\"pt_BR\" \/>\n<meta property=\"og:type\" content=\"article\" \/>\n<meta property=\"og:title\" content=\"Agende Sua Revis\u00e3o | Contato Garage 347 em S\u00e3o Paulo\" \/>\n<meta property=\"og:description\" content=\"Fale com a Garage 347 e agende sua revis\u00e3o ou manuten\u00e7\u00e3o. Oficina especializada em S\u00e3o Paulo com atendimento r\u00e1pido e personalizado.\" \/>\n<meta property=\"og:url\" content=\"https:\/\/garage347.com.br\/oficina\/contato\/\" \/>\n<meta property=\"og:site_name\" content=\"garage347.com.br\/oficina\" \/>\n<meta property=\"article:modified_time\" content=\"2026-02-18T12:48:19+00:00\" \/>\n<meta property=\"og:image\" content=\"https:\/\/garage347.com.br\/oficina\/wp-content\/uploads\/2026\/01\/ChatGPT-Image-18-de-jan.-de-2026-17_21_47.png\" \/>\n\t<meta property=\"og:image:width\" content=\"1024\" \/>\n\t<meta property=\"og:image:height\" content=\"1024\" \/>\n\t<meta property=\"og:image:type\" content=\"image\/png\" \/>\n<meta name=\"twitter:card\" content=\"summary_large_image\" \/>\n<meta name=\"twitter:label1\" content=\"Est. tempo de leitura\" \/>\n\t<meta name=\"twitter:data1\" content=\"1 minuto\" \/>\n<script type=\"application\/ld+json\" class=\"yoast-schema-graph\">{\"@context\":\"https:\/\/schema.org\",\"@graph\":[{\"@type\":\"WebPage\",\"@id\":\"https:\/\/garage347.com.br\/oficina\/contato\/\",\"url\":\"https:\/\/garage347.com.br\/oficina\/contato\/\",\"name\":\"Agende Sua Revis\u00e3o | Contato Garage 347 em S\u00e3o Paulo\",\"isPartOf\":{\"@id\":\"https:\/\/garage347.com.br\/oficina\/#website\"},\"primaryImageOfPage\":{\"@id\":\"https:\/\/garage347.com.br\/oficina\/contato\/#primaryimage\"},\"image\":{\"@id\":\"https:\/\/garage347.com.br\/oficina\/contato\/#primaryimage\"},\"thumbnailUrl\":\"https:\/\/garage347.com.br\/oficina\/wp-content\/uploads\/2026\/01\/ChatGPT-Image-18-de-jan.-de-2026-17_21_47.png\",\"datePublished\":\"2019-10-23T08:44:17+00:00\",\"dateModified\":\"2026-02-18T12:48:19+00:00\",\"description\":\"Fale com a Garage 347 e agende sua revis\u00e3o ou manuten\u00e7\u00e3o. Oficina especializada em S\u00e3o Paulo com atendimento r\u00e1pido e personalizado.\",\"breadcrumb\":{\"@id\":\"https:\/\/garage347.com.br\/oficina\/contato\/#breadcrumb\"},\"inLanguage\":\"pt-BR\",\"potentialAction\":[{\"@type\":\"ReadAction\",\"target\":[\"https:\/\/garage347.com.br\/oficina\/contato\/\"]}]},{\"@type\":\"ImageObject\",\"inLanguage\":\"pt-BR\",\"@id\":\"https:\/\/garage347.com.br\/oficina\/contato\/#primaryimage\",\"url\":\"https:\/\/garage347.com.br\/oficina\/wp-content\/uploads\/2026\/01\/ChatGPT-Image-18-de-jan.-de-2026-17_21_47.png\",\"contentUrl\":\"https:\/\/garage347.com.br\/oficina\/wp-content\/uploads\/2026\/01\/ChatGPT-Image-18-de-jan.-de-2026-17_21_47.png\",\"width\":1024,\"height\":1024},{\"@type\":\"BreadcrumbList\",\"@id\":\"https:\/\/garage347.com.br\/oficina\/contato\/#breadcrumb\",\"itemListElement\":[{\"@type\":\"ListItem\",\"position\":1,\"name\":\"In\u00edcio\",\"item\":\"https:\/\/garage347.com.br\/oficina\/\"},{\"@type\":\"ListItem\",\"position\":2,\"name\":\"Contato\"}]},{\"@type\":\"WebSite\",\"@id\":\"https:\/\/garage347.com.br\/oficina\/#website\",\"url\":\"https:\/\/garage347.com.br\/oficina\/\",\"name\":\"Garage 347 - Oficina Especializada em Manuten\u00e7\u00e3o de Carros Premium\",\"description\":\"\",\"publisher\":{\"@id\":\"https:\/\/garage347.com.br\/oficina\/#organization\"},\"potentialAction\":[{\"@type\":\"SearchAction\",\"target\":{\"@type\":\"EntryPoint\",\"urlTemplate\":\"https:\/\/garage347.com.br\/oficina\/?s={search_term_string}\"},\"query-input\":{\"@type\":\"PropertyValueSpecification\",\"valueRequired\":true,\"valueName\":\"search_term_string\"}}],\"inLanguage\":\"pt-BR\"},{\"@type\":\"Organization\",\"@id\":\"https:\/\/garage347.com.br\/oficina\/#organization\",\"name\":\"garage347.com.br\",\"url\":\"https:\/\/garage347.com.br\/oficina\/\",\"logo\":{\"@type\":\"ImageObject\",\"inLanguage\":\"pt-BR\",\"@id\":\"https:\/\/garage347.com.br\/oficina\/#\/schema\/logo\/image\/\",\"url\":\"https:\/\/garage347.com.br\/oficina\/wp-content\/uploads\/2025\/07\/Logo-completo_cor-oficial.svg\",\"contentUrl\":\"https:\/\/garage347.com.br\/oficina\/wp-content\/uploads\/2025\/07\/Logo-completo_cor-oficial.svg\",\"width\":685,\"height\":428,\"caption\":\"garage347.com.br\"},\"image\":{\"@id\":\"https:\/\/garage347.com.br\/oficina\/#\/schema\/logo\/image\/\"},\"sameAs\":[\"https:\/\/www.instagram.com\/garage347_\/\"]}]}<\/script>\n<!-- \/ Yoast SEO plugin. -->","yoast_head_json":{"title":"Agende Sua Revis\u00e3o | Contato Garage 347 em S\u00e3o Paulo","description":"Fale com a Garage 347 e agende sua revis\u00e3o ou manuten\u00e7\u00e3o. Oficina especializada em S\u00e3o Paulo com atendimento r\u00e1pido e personalizado.","robots":{"index":"index","follow":"follow","max-snippet":"max-snippet:-1","max-image-preview":"max-image-preview:large","max-video-preview":"max-video-preview:-1"},"canonical":"https:\/\/garage347.com.br\/oficina\/contato\/","og_locale":"pt_BR","og_type":"article","og_title":"Agende Sua Revis\u00e3o | Contato Garage 347 em S\u00e3o Paulo","og_description":"Fale com a Garage 347 e agende sua revis\u00e3o ou manuten\u00e7\u00e3o. Oficina especializada em S\u00e3o Paulo com atendimento r\u00e1pido e personalizado.","og_url":"https:\/\/garage347.com.br\/oficina\/contato\/","og_site_name":"garage347.com.br\/oficina","article_modified_time":"2026-02-18T12:48:19+00:00","og_image":[{"width":1024,"height":1024,"url":"https:\/\/garage347.com.br\/oficina\/wp-content\/uploads\/2026\/01\/ChatGPT-Image-18-de-jan.-de-2026-17_21_47.png","type":"image\/png"}],"twitter_card":"summary_large_image","twitter_misc":{"Est. tempo de leitura":"1 minuto"},"schema":{"@context":"https:\/\/schema.org","@graph":[{"@type":"WebPage","@id":"https:\/\/garage347.com.br\/oficina\/contato\/","url":"https:\/\/garage347.com.br\/oficina\/contato\/","name":"Agende Sua Revis\u00e3o | Contato Garage 347 em S\u00e3o Paulo","isPartOf":{"@id":"https:\/\/garage347.com.br\/oficina\/#website"},"primaryImageOfPage":{"@id":"https:\/\/garage347.com.br\/oficina\/contato\/#primaryimage"},"image":{"@id":"https:\/\/garage347.com.br\/oficina\/contato\/#primaryimage"},"thumbnailUrl":"https:\/\/garage347.com.br\/oficina\/wp-content\/uploads\/2026\/01\/ChatGPT-Image-18-de-jan.-de-2026-17_21_47.png","datePublished":"2019-10-23T08:44:17+00:00","dateModified":"2026-02-18T12:48:19+00:00","description":"Fale com a Garage 347 e agende sua revis\u00e3o ou manuten\u00e7\u00e3o. Oficina especializada em S\u00e3o Paulo com atendimento r\u00e1pido e personalizado.","breadcrumb":{"@id":"https:\/\/garage347.com.br\/oficina\/contato\/#breadcrumb"},"inLanguage":"pt-BR","potentialAction":[{"@type":"ReadAction","target":["https:\/\/garage347.com.br\/oficina\/contato\/"]}]},{"@type":"ImageObject","inLanguage":"pt-BR","@id":"https:\/\/garage347.com.br\/oficina\/contato\/#primaryimage","url":"https:\/\/garage347.com.br\/oficina\/wp-content\/uploads\/2026\/01\/ChatGPT-Image-18-de-jan.-de-2026-17_21_47.png","contentUrl":"https:\/\/garage347.com.br\/oficina\/wp-content\/uploads\/2026\/01\/ChatGPT-Image-18-de-jan.-de-2026-17_21_47.png","width":1024,"height":1024},{"@type":"BreadcrumbList","@id":"https:\/\/garage347.com.br\/oficina\/contato\/#breadcrumb","itemListElement":[{"@type":"ListItem","position":1,"name":"In\u00edcio","item":"https:\/\/garage347.com.br\/oficina\/"},{"@type":"ListItem","position":2,"name":"Contato"}]},{"@type":"WebSite","@id":"https:\/\/garage347.com.br\/oficina\/#website","url":"https:\/\/garage347.com.br\/oficina\/","name":"Garage 347 - Oficina Especializada em Manuten\u00e7\u00e3o de Carros Premium","description":"","publisher":{"@id":"https:\/\/garage347.com.br\/oficina\/#organization"},"potentialAction":[{"@type":"SearchAction","target":{"@type":"EntryPoint","urlTemplate":"https:\/\/garage347.com.br\/oficina\/?s={search_term_string}"},"query-input":{"@type":"PropertyValueSpecification","valueRequired":true,"valueName":"search_term_string"}}],"inLanguage":"pt-BR"},{"@type":"Organization","@id":"https:\/\/garage347.com.br\/oficina\/#organization","name":"garage347.com.br","url":"https:\/\/garage347.com.br\/oficina\/","logo":{"@type":"ImageObject","inLanguage":"pt-BR","@id":"https:\/\/garage347.com.br\/oficina\/#\/schema\/logo\/image\/","url":"https:\/\/garage347.com.br\/oficina\/wp-content\/uploads\/2025\/07\/Logo-completo_cor-oficial.svg","contentUrl":"https:\/\/garage347.com.br\/oficina\/wp-content\/uploads\/2025\/07\/Logo-completo_cor-oficial.svg","width":685,"height":428,"caption":"garage347.com.br"},"image":{"@id":"https:\/\/garage347.com.br\/oficina\/#\/schema\/logo\/image\/"},"sameAs":["https:\/\/www.instagram.com\/garage347_\/"]}]}},"_links":{"self":[{"href":"https:\/\/garage347.com.br\/oficina\/wp-json\/wp\/v2\/pages\/162","targetHints":{"allow":["GET"]}}],"collection":[{"href":"https:\/\/garage347.com.br\/oficina\/wp-json\/wp\/v2\/pages"}],"about":[{"href":"https:\/\/garage347.com.br\/oficina\/wp-json\/wp\/v2\/types\/page"}],"author":[{"embeddable":true,"href":"https:\/\/garage347.com.br\/oficina\/wp-json\/wp\/v2\/users\/1"}],"replies":[{"embeddable":true,"href":"https:\/\/garage347.com.br\/oficina\/wp-json\/wp\/v2\/comments?post=162"}],"version-history":[{"count":28,"href":"https:\/\/garage347.com.br\/oficina\/wp-json\/wp\/v2\/pages\/162\/revisions"}],"predecessor-version":[{"id":1660,"href":"https:\/\/garage347.com.br\/oficina\/wp-json\/wp\/v2\/pages\/162\/revisions\/1660"}],"wp:featuredmedia":[{"embeddable":true,"href":"https:\/\/garage347.com.br\/oficina\/wp-json\/wp\/v2\/media\/1574"}],"wp:attachment":[{"href":"https:\/\/garage347.com.br\/oficina\/wp-json\/wp\/v2\/media?parent=162"}],"curies":[{"name":"wp","href":"https:\/\/api.w.org\/{rel}","templated":true}]}}